me factors of p.
13
Suppose 4*i + 3*n - 8*n = -4, -4 = -4*i + 3*n. List the prime factors of i.
2
Let w = -46 + 65. What are the prime factors of w?
19
Suppose -o + 29 = 5*l, -3*o = -0*l + 2*l - 22. Suppose -10 - 6 = -o*u. Suppose 3*n - 18 = 3*k + 21, u*k = -4*n + 36. List the prime factors of n.
11
Let c(n) = -12*n + 1. Let u be c(1). Let w = u - -16. List the prime factors of -2*(w/(-2) + -1).
7
Let o(f) = f + 14. Let z be o(-15). What are the prime factors of -3 - ((-4)/z - 44)?
37
Let m(z) = z**3 + 6*z**2 + 3*z + 2. Suppose 2*u + 3 = 3*u. Suppose -r - 2 = u. List the prime factors of m(r).
2, 3
Suppose 54 = t - 6. List the prime factors of t.
2, 3, 5
Let c(t) = 4*t**2 - 5*t + 1. Let i be c(5). Let h be i/10 - (-8)/20. Let j(f) = -f**3 + 7*f**2 + 10*f - 5. What are the prime factors of j(h)?
11
Let x(o) = -37*o + 12. List the prime factors of x(-4).
2, 5
Let s(v) = 3*v**2 + 13*v + 22. List the prime factors of s(-8).
2, 5, 11
Let c = 11 - -39. What are the prime factors of c?
2, 5
Suppose 186 = 5*d - 3*h, -d - 4*h = -28 - 0. List the prime factors of d.
2, 3
Let m be -31 - 2/(5 + -3). List the prime factors of 1/(m/34 + 1).
17
Let h be (1 - 1) + -3 + 2. Let p(a) = -3*a - 1. Let m be p(h). Suppose m*y = -3*y + 35. List the prime factors of y.
7
Let h(z) = -z**2 + 7*z + 4. Let f be h(7). Suppose -63 = -2*s - p - 0*p, -f*p = 3*s - 92. List the prime factors of s.
2
Suppose n + 17 = 33. What are the prime factors of n?
2
Let w = -49 - -93. Let j = -19 + w. Let h = 38 - j. List the prime factors of h.
13
Let u be 24/(-11) - 2/(-11). Let r(i) = -i**3 + i**2 + 2*i + 1. What are the prime factors of r(u)?
3
Suppose 31 = 3*z - 5*q - 153, z = -4*q + 33. What are the prime factors of z?
53
Suppose 3*w - 44 = -5*l, -2*w + 6*l + 61 = 3*l. Let q = w + -12. What are the prime factors of q?
11
Suppose -8*j + 330 = 5*p - 3*j, -5*p = -3*j - 290. What are the prime factors of p?
61
Let x(w) = w**3 - 2*w**2 + 3*w - 2. Let v = 0 - -2. What are the prime factors of x(v)?
2
Let a = -9 - -3. Let q(s) = -3*s + 7. List the prime factors of q(a).
5
Suppose -3*h + 3*m + 54 = -m, -5*m - 51 = -3*h. Let v(b) = b**3 + 4*b**2 - 4. Let x be v(-3). Suppose x*s = -2 + h. List the prime factors of s.
2
Let w = -3 + 18. Suppose 0 = 4*k - 8, 3*h + w = -3*k - 0*k. Let y = -4 - h. What are the prime factors of y?
3
Suppose 116 = 5*n + 2*y, 5*n - y - 113 = -6. Suppose -2*t + 70 = -n. What are the prime factors of t?
2, 23
Suppose 0 = 5*h + 4*t - 2, 0*t = -4*t + 12. What are the prime factors of 2*-1 - h*2?
2
Suppose -11*u = -8*u + 267. Let i = 124 + u. List the prime factors of i.
5, 7
Suppose 3*x + 10 = 5*x. Let k(j) = 8*j + 7. Let a be k(x). List the prime factors of a/5 + 4/(-10).
3
Suppose 0 = 3*x - 1 - 17. Let z(s) = -7*s - 7. Let k(u) = 8*u + 7. Let c(d) = -6*k(d) - 7*z(d). What are the prime factors of c(x)?
13
Suppose -465 = -3*j + 228. What are the prime factors of j?
3, 7, 11
Suppose 2*g - 2 - 20 = 0. What are the prime factors of g?
11
Let w be 2 + (0 - 1) + -1. Let h(n) = -n**2 + n + 13. List the prime factors of h(w).
13
Let s = -5 + 0. Let q = 2 - s. List the prime factors of q.
7
Suppose 0 = -2*x - 2*j + 56, -5*j - 4 + 14 = 0. List the prime factors of x.
2, 13
Let g be 2 - (0 - 4/2). Suppose -3*s + 49 - g = 0. List the prime factors of s.
3, 5
Suppose 5*c - 2*f = -93 + 1343, 3*f - 771 = -3*c. What are the prime factors of c?
2, 3, 7
Let w(n) = n**2 + 6*n - 5. Let t be w(-5). What are the prime factors of (84/t)/(6/(-20))?
2, 7
Let i = 240 - 69. List the prime factors of i.
3, 19
Let i = 11 - 7. Suppose i = -2*c + 26. List the prime factors of c.
11
Let u(z) = -6*z + 7. Suppose -5*r - 2*o + 6*o = 42, 3*o = 9. List the prime factors of u(r).
43
Suppose 0*p = -p + 12. List the prime factors of p.
2, 3
Let d = 106 - 53. List the prime factors of d.
53
Let d(v) = -v. Let g be (-1)/(2 - (2 + 1)). Let m(n) = -10. Let b(w) = g*d(w) - m(w). List the prime factors of b(0).
2, 5
Let d(u) be the second derivative of -u**3/3 - 3*u**2/2 + 2*u. Let t be d(-4). Suppose 0 = -2*f + 5 + t. What are the prime factors of f?
5
Let k(o) = -o**2 - 9*o + 2. List the prime factors of k(-8).
2, 5
Let o(j) = -10*j - 5. Let u be o(4). Let t = u + 63. List the prime factors of 148/t + 8/(-36).
2
Let f(s) = s**3 - 5*s - 11 - 2*s**2 + 18 - 7. What are the prime factors of f(5)?
2, 5
Let w be 1*(-1 - 2) + 1. Let i be (-142)/(-3) + w/(-3). Suppose q = -3*q + i. List the prime factors of q.
2, 3
Suppose 5*v - 2*v + 229 = 4*q, 0 = -q + 4. Let x = v - -118. What are the prime factors of x?
47
Let c be 4/14 + 16/(-56). Suppose c*k = 3*k. What are the prime factors of 8 - (1 + k/1)?
7
Let o(j) = j**3 + 18*j**2 - 4*j - 38. List the prime factors of o(-17).
11, 29
Let h be -3 + 0 - -1*12. Let o be (-3)/(-9) - (-6)/h. List the prime factors of 0 + -2 + o + 3.
2
Let g(d) = 23*d + 3. Let z be g(7). Let a be z/3 + (-2)/3. Suppose 2*w = -2*u + 6*u - 42, 5*u - 2*w - a = 0. List the prime factors of u.
2, 3
Let w(i) = i**3 - 14*i**2 + 16*i + 29. What are the prime factors of w(13)?
2, 17
What are the prime factors of 3/4 - 1011/(-12)?
5, 17
Let x = -42 + 102. What are the prime factors of x?
2, 3, 5
Suppose -3*s - 105 = -4*s. List the prime factors of s.
3, 5, 7
Suppose 4*w = 40 + 64. List the prime factors of w.
2, 13
Let b = -35 - -80. What are the prime factors of b?
3, 5
Suppose 630 = -35*c + 40*c. List the prime factors of c.
2, 3, 7
Suppose -3*r - 2 = -8. Suppose -f - 40 = 3*t, -4*f = -t - r*t - 20. Let l = t - -23. What are the prime factors of l?
11
Suppose 0*s - 55 = -u - 3*s, 0 = -2*u + 5*s + 165. Suppose -u - 5 = -5*h. List the prime factors of h.
3, 5
Suppose -3*q = -j - 1 - 2, 0 = 2*j. Let v(a) = a - 8. Let k be v(7). What are the prime factors of (2 + q + k)*1?
2
Let q = 21 - -14. Suppose 0 = 5*r - 5*s - q, 2 - 21 = -5*r - 3*s. Suppose i = r*i - 64. List the prime factors of i.
2
Let p be 9/6*(-4)/(-6). What are the prime factors of (5 - (1 + p)) + 2?
5
Let t = 23 - -2. List the prime factors of t.
5
Suppose n = -5, 4*n - 1 = -2*t + 43. What are the prime factors of t?
2
Let i = 350 + -90. What are the prime factors of i?
2, 5, 13
Suppose -44 = -0*m - 2*m - 3*g, -44 = -2*m + 2*g. What are the prime factors of m?
2, 11
Suppose 0 = -h + 2*h + o, -2*o = h + 4. Suppose -h*d + 0*d + 64 = 0. What are the prime factors of d?
2
Let d = 179 - 63. List the prime factors of d.
2, 29
Let g = 15 - 10. Let l be (-19)/(-7) - 2/(-7). Suppose l*k = 13 + g. List the prime factors of k.
2, 3
Let j = -13 - -43. Suppose -2*o + j = o. What are the prime factors of o?
2, 5
Suppose -810 = -4*q - 5*q. List the prime factors of q.
2, 3, 5
Let c = 12 + 27. What are the prime factors of c?
3, 13
Suppose 2*n = -5*w + 325, 3*n + 0*w - 5*w = 525. What are the prime factors of n?
2, 5, 17
Let z(h) = 6*h**2 + 3*h - 3. List the prime factors of z(2).
3
Let i(u) = -u**3 + 9*u**2 + 9*u + 1. List the prime factors of i(7).
2, 3
Let v = -2 + -7. Let f(r) = r**2 + 9*r - 6. Let p be f(v). What are the prime factors of 5/(15/p) - -7?
5
Let w be (-6)/(-21) + (-12)/(-7). Suppose 41 + 125 = w*y. Suppose -5*j + y = r, j - 3 - 18 = 2*r. What are the prime factors of j?
17
Suppose -3*u + 43 = w, u + 4*u - 121 = -3*w. What are the prime factors of w?
37
Let z be 0/((-4 + 3)/1). Suppose h - 24 - 1 = z. List the prime factors of h.
5
Let f = 9 - -1. List the prime factors of f.
2, 5
Let o(h) = 8*h**2 + 0*h**3 + 7 + h**3 - 2*h**2. Let v be o(-6). Let g = v + -2. List the prime factors of g.
5
Suppose 2*g - 7*g = 2*z + 8, 4*z + 2*g = 0. Let w be (-12)/z*15/(-9). Suppose -6*y + y + w = 0. What are the prime factors of y?
2
Let v(c) = -c**3 + 9*c**2 - 9*c - 10. What are the prime factors of v(7)?
5
Let v(h) = 7*h**3 - 2*h + 1. Let s be v(1). Let l(x) = 4*x - x - 2 - 2*x. What are the prime factors of l(s)?
2
Let g(k) be the first derivative of -2 + 2*k**2 - 6*k + 4 - 1. List the prime factors of g(4).
2, 5
Suppose -2*f + 28 = 2*f. Suppose 3*p = f*p - 44. List the prime factors of p.
11
Let s(c) = -c**3 - 3*c**2 - 3*c + 7. What are the prime factors of s(-5)?
2, 3
Suppose 4*r = -0*r + 220. Suppose -3*i = -11 - r. List the prime factors of i.
2, 11
Suppose 0 = 2*z + z - 6. Let d be 6 - (9 + -3)/z. Suppose -8*t + d*t + 110 = 0. List the prime factors